- v. What is the remainder when k is divided by g?
11
Suppose 5 = -k - 0*k. Let t = k - -9. Calculate the remainder when 7 is divided by t.
3
Let u = 266 + -263. Suppose -3*r + f = -10, -r + 10 = 4*r + 5*f. Suppose y = 2*c - 21, -3*c + r*y + 43 = c. Calculate the remainder when c is divided by u.
1
Let p(g) = -15*g + 3. Let s be p(-2). Suppose -5*t - m = 2*m - 12, -t + m + 4 = 0. Suppose -s = -t*d + 114. What is the remainder when d is divided by 17?
15
Let o(q) = q**3 + 7*q**2 - 12*q - 20. Calculate the remainder when o(-8) is divided by 9.
3
What is the remainder when ((-13)/(-28) + 12/42)*44 is divided by 6?
3
Let z(k) = 4*k + 1. What is the remainder when 11/(1*(-1)/(-3)) is divided by z(2)?
6
Suppose -91 = -5*i + 2*d, i - 4*d - 34 = -5. What is the remainder when 31 is divided by (i/(-2) + 3)*-2?
9
Suppose 0 = -3*n + 4*c + 29, -n - n + 21 = -3*c. Suppose n*f + 66 = 3*l, -l - 5*f = -12 - 34. Calculate the remainder when l is divided by 7.
5
Let b be (4/(-3) - -1)*-21. Let w(v) = 5*v - 5. Let p(r) = -5*r + 4. Let z(x) = -7*p(x) - 6*w(x). Calculate the remainder when z(b) is divided by 19.
18
Suppose -2*s + 1 = -1. Suppose 3*v - v - 2 = 0. What is the remainder when s is divided by v?
0
Suppose 6 = 2*h - 0*h. Suppose -h*g - 2*d + 33 = 0, 3*g + 0*g + 4*d = 27. What is the remainder when 38 is divided by g?
12
Suppose 4*f = 3*f + 14. Calculate the remainder when -5 - (-712)/12 - 1/3 is divided by f.
12
Suppose 4*u = 4*r - 428, -r + 0*u = 5*u - 113. What is the remainder when r is divided by 28?
24
Calculate the remainder when 2*12/(-14)*-21 is divided by ((-2)/(30/(-25)))/(2/24).
16
What is the remainder when 5 - 4 - 4 - -11 is divided by ((-8)/4)/((-2)/3)?
2
Let t(p) = -p + 2*p + 36 - p**2 - 3. Let g be t(0). Suppose -5*n = 5*w + 8 - g, n = -4. Calculate the remainder when w is divided by 5.
4
Suppose -4*g + 113 = -67. Suppose 7*w = 2*w - o + 70, 0 = -o - 5. Suppose -w*c + 160 = -5*c. Calculate the remainder when g is divided by c.
13
Let w(b) = -4*b - 1. Suppose -16 = -c + 2. Let t = -25 + c. Calculate the remainder when w(t) is divided by 15.
12
Suppose -13*c + 18 = -73. Calculate the remainder when 24 is divided by c.
3
Let u = 63 - 113. Let i = -19 - u. Suppose -3*z + i = -2. Calculate the remainder when 21 is divided by z.
10
Suppose l - 3*l = -90. Suppose -3*a - 15 = -s - 6*a, -4*s = -3*a - l. Calculate the remainder when 22 is divided by s.
10
Suppose -175 = -4*h - h. Suppose 0 = b - 5 + 2. Suppose 5*t = b*t + 24. What is the remainder when h is divided by t?
11
Let c = 32 + -15. Let z be (-1 + 4)/((-1)/(-1)). Suppose 0*d - d = -4*y + 129, -z*y + 94 = 2*d. Calculate the remainder when y is divided by c.
15
Let x(q) = 3*q - 10. Let n be x(7). Let r = n + 11. Suppose 5*j - 3*w = 3*j + 84, 2*j - w = 84. Calculate the remainder when j is divided by r.
20
Suppose 5*x - 1 = 189. Let t = -34 + 54. Calculate the remainder when x is divided by t.
18
Suppose -4*u = -287 + 11. Let k = u + -36. Calculate the remainder when k is divided by 12.
9
Suppose 0 = -2*m + w + 168, 0 = 3*m - 4*w - 223 - 24. Let g be m/2 - (-2)/4. Let s = g + -23. What is the remainder when s is divided by 7?
6
Calculate the remainder when 29 is divided by 2/10 - 203/(-35).
5
Let y = 76 + -34. What is the remainder when 124 is divided by y?
40
Suppose -3*f + 0*f = 63. Let j = -15 - f. What is the remainder when j is divided by (-28)/(-6) - (-2)/(-3)?
2
Let x(p) = -p**2 + 2*p + 6. Let t be x(5). What is the remainder when 22 is divided by ((-48)/t)/((-2)/(-3))?
6
Let x(z) = 4*z - 20. Suppose 0 = -l + 3*l - 650. Suppose 2*r - 188 = -4*s, -85 = 5*s + 5*r - l. Calculate the remainder when s is divided by x(9).
14
Suppose c = -5*o + 98, -o + 209 = 4*c - 221. Calculate the remainder when c is divided by 29.
21
Let a = -25 - -65. What is the remainder when a is divided by 22?
18
Let c(v) = 4*v**3 + 30*v**2 + 9*v + 1. Let y = -6 + 19. What is the remainder when c(-7) is divided by y?
10
Suppose 3*q - 4*q = -25. What is the remainder when 71 is divided by q?
21
Let n be 12/(-9)*3 + 2. Calculate the remainder when n/12 + (-43)/(-6) is divided by (-26)/(-7) + (-2)/(-7).
3
Calculate the remainder when (15/10)/((-3)/(-284)) is divided by 36.
34
Let n = 84 - 59. Suppose 4*y + 38 = 2*t, -2*t + 3*y + 10 = -n. Let p(i) = -2*i + 1. What is the remainder when t is divided by p(-2)?
3
What is the remainder when 14 is divided by (36/(-30))/(6/(-40))?
6
Let z(p) = -p**2 + 6*p - 3. Let h be z(4). Let s(y) = -y**3 + 6*y**2 - y - 6. Calculate the remainder when s(h) is divided by (4 + 0)/(2*(-4)/(-16)).
6
Let i be (-12)/(-4) - (-2 + 5). Suppose i = -5*v - 1 + 56. What is the remainder when v is divided by 3?
2
Suppose 31 = 3*s - 5. Calculate the remainder when 47 is divided by s.
11
Let y = 2 - 7. Let q(o) = -o**3 - 6*o**2 - 8*o - 7. Let s be q(y). Suppose -x + 13 = 2*d - s, -30 = -x + d. What is the remainder when x is divided by 14?
13
Let u(q) = -q. Let n(d) = -8*d + 2. Let i(r) = n(r) + 5*u(r). Let p be i(-6). Suppose -l - l = -p. Calculate the remainder when l is divided by 14.
12
Let v = -29 + 43. Suppose -j - 4*k = -28, -j - j + 53 = 5*k. Let o = j - v. What is the remainder when 27 is divided by o?
7
Suppose 5*p + 25 = 0, -3*p = -a + 5*a - 757. What is the remainder when a is divided by 28?
25
Suppose 5*v + 4*a - 193 = 0, 4*v + 5*a - 108 = v. Let q(b) = 2*b**3 - b**2 + 3*b + 3. What is the remainder when v is divided by q(2)?
20
Let r = 21 - 7. Calculate the remainder when r is divided by 4.
2
Suppose 5*y = -i - 340, 2*y + 3*i + 350 = -3*y. Let x = y - -114. Suppose -5*c = -2*a + 42, -c - 6 = 2*c. What is the remainder when x is divided by a?
15
Suppose -19*t + 111 = -79. What is the remainder when 33 is divided by t?
3
Let o be 1 + -2 + 1 + 1. Suppose -2*j + 3 = -o. What is the remainder when 20 is divided by ((-1)/j)/(1/(-14))?
6
Suppose -42 = -0*v - 3*v. Let j(l) = l**3 + 11*l**2 + 14*l + 3. What is the remainder when j(-9) is divided by v?
11
Suppose 2*p = -5*r + 203, -5*p = r - 420 - 30. Let l = p + -59. Calculate the remainder when l is divided by 16.
14
Suppose -18 = -4*f + 2*c, -2*f + 4*c = -3*f - 18. Suppose -o - 2*o = 0. Suppose f*i - 17 - 17 = o. Calculate the remainder when i is divided by 9.
8
Let i = -3 + 3. Let b = -5 - -18. Calculate the remainder when 22 - (i + -1 + -1) is divided by b.
11
Let a(c) = 2*c**2 - 7*c + 23. What is the remainder when a(0) is divided by 9?
5
Suppose 2*r - 6 = -0*r. Suppose 10 = -0*t + 2*t. Suppose -q - 3*x + 15 + t = 0, 0 = r*q - 5*x - 74. What is the remainder when q is divided by 8?
7
Let v(q) = 10*q + 1. Calculate the remainder when v(11) is divided by 8.
7
Suppose -z + 88 = 2*i, 0 = 2*z - 0*i - 2*i - 194. Calculate the remainder when z is divided by 32.
30
Suppose -3*z - 4 = -5*j + 2, -2*j - z + 9 = 0. Calculate the remainder when (-72)/(-1) + 0/j is divided by 19.
15
Let j = -26 + 49. Suppose -w - 3*r = -16, -3*w - 15 = -4*w - 2*r. What is the remainder when j is divided by w?
10
Let s(k) = k**2 + 4*k - 8. What is the remainder when (-310)/(-8) - 18/24 is divided by s(-7)?
12
Suppose 3*w = -2*f - 107, -2*w - 69 = 4*f - 5*f. Let p = w - -57. What is the remainder when 87 is divided by p?
21
Suppose -u - 4*d + 20 = 0, 0 = -5*u - 2*d + 144 + 46. Calculate the remainder when u is divided by 15.
10
Suppose -4*r + 4*i = 19 + 25, -2 = r + 2*i. Let f = r - -17. Calculate the remainder when f is divided by 4.
1
Let l = -13 - -7. Let z = 8 + l. Suppose 0 = -z*a + 4*a - 12. Calculate the remainder when 23 is divided by a.
5
Let w be (1 - 13)*(-1)/3. Suppose -w*u + 20 = -4. What is the remainder when 10 is divided by u?
4
Let d(s) = -s**3 - 11*s**2 - 12*s - 15. Let p be d(-10). Suppose 30 = -2*r + p*r. Calculate the remainder when 19 is divided by r.
9
Let s = -23 - -8. Let a = 32 - s. What is the remainder when a is divided by 25?
22
Suppose 0 = 8*g - 135 - 217. Calculate the remainder when g is divided by 17.
10
Let u = 48 - 29. Let v be (14/3)/(10/15). Let w = 17 - v. What is the remainder when u is divided by w?
9
Let k(q) be the first derivative of q**3 - 3*q**2/2 - 2*q + 1. Calculate the remainder when 61 is divided by k(-2).
13
Suppose a = -4*j + 12, -4*j + 2*a - 4*a = -12. Calculate the remainder when 10 is divided by j.
1
Let h = 4 + -4. Su